ppose 0 = -q*f - 5*b + c, 42 = -3*f - 5*b + 322. List the prime factors of f.
2, 5
Let w(f) = 1759*f**2 - 3*f + 76. List the prime factors of w(-4).
2, 3529
Let a(w) = 174*w + 19. Let u be a(2). Let z = u + 191. List the prime factors of z.
2, 3, 31
Let h(t) be the third derivative of -t**5/20 - 5*t**4/24 + 17*t**3/6 + 12*t**2. Let q be h(-6). Let p = 135 + q. What are the prime factors of p?
2, 37
Suppose 9*o + 10*o = 8474. Let u = o - 154. List the prime factors of u.
2, 73
Let h(g) = 5*g + 14. Let y be h(5). Suppose -y - 41 = 5*p. Let v(t) = t**3 + 17*t**2 + 14*t - 1. What are the prime factors of v(p)?
31
Let b = 16339 + -9446. List the prime factors of b.
61, 113
Suppose 7*x = -5*d + 5*x + 75876, 0 = -2*x - 4. List the prime factors of d.
2, 7, 271
Let j be (31/(-3))/(4 - (-39)/(-9)). Let o(g) = g**2 - 24*g + 1. List the prime factors of o(j).
2, 109
Let x(i) = i**3 + 10*i**2 - 45*i - 7. Let n be x(-13). Let a = -9 + 15. Suppose -a*g + 7*g = n. List the prime factors of g.
71
Suppose -5*q = -6*q + 2*b + 2, -4*b + 32 = q. Suppose q*z = -1302 + 4890. What are the prime factors of z?
13, 23
Suppose -958705 = -70*i + 423165. List the prime factors of i.
19, 1039
What are the prime factors of (4 - (-2187)/12)*144/45?
2, 149
Let u(c) = c**2 + 3*c + 1630. List the prime factors of u(-160).
2, 5, 107
Suppose -123*n - 10040 = -115*n. Let u = -1029 - n. List the prime factors of u.
2, 113
Suppose -7*a = -0*a - 56. Let z(m) = 19*m + 12 - 21 + a*m - 2. What are the prime factors of z(4)?
97
Suppose 10*q = 20*q - 9010. What are the prime factors of 5/(-5) + q - (-5)/(-1)?
5, 179
Let t(k) = k**3 - 4*k**2 - k - 9. Let z(d) = d**3 + 22*d**2 - 22*d + 28. Suppose 15 = g + 38. Let y be z(g). List the prime factors of t(y).
11
Suppose -11*o = 30*o + 26*o - 1472258. What are the prime factors of o?
2, 10987
Let n(y) = 3*y - 54. Let p be n(19). Let o be ((-238)/3 - 0) + (-2)/p. Let a = 9 - o. What are the prime factors of a?
89
Let n(w) = 25*w**2 + 13*w - 17. Let a(z) = -75*z**2 - 40*z + 50. Let o(c) = 2*a(c) + 7*n(c). List the prime factors of o(5).
661
Let t = -2 + 82. Let s be (-32)/t - (-406)/(-10). Let j = s + 133. What are the prime factors of j?
2, 23
Let a be 5/35 - 39756/(-28). Suppose -4*q + a = -q - 2*w, -4*w = 2*q - 920. List the prime factors of q.
2, 5, 47
Let m(c) = -6*c + 73. Let s(u) = -5*u + 74. Let w(o) = -5*m(o) + 4*s(o). What are the prime factors of w(21)?
3, 47
Let k(l) = l**2 - 32. Let y be k(-8). Let n = y - -58. Suppose n = 2*p + 5*z - 156, -5*p - z + 661 = 0. List the prime factors of p.
7, 19
Let r = 1522 - 847. Let h be (-6)/8 + r/20 + 3. Let b = 39 - h. List the prime factors of b.
3
Suppose 153 = 19*k - 2*k. Suppose -32*f = -k*f - 26634. What are the prime factors of f?
2, 3, 193
Suppose -2*a + 11448 = 4*q, -q + 22*a - 20*a + 2852 = 0. List the prime factors of q.
2, 5, 11, 13
Let t = 5 - 41. Let a = 39 + t. Suppose -a*h + 104 = -h. What are the prime factors of h?
2, 13
Suppose 2*f = -g - 3*g - 2, -3*f - 3 = -5*g. Suppose 2*s - 2*d - 47 - 1 = g, 2*d = 8. Let b = 82 - s. List the prime factors of b.
2, 3
Let b = 14994 - 10893. What are the prime factors of b?
3, 1367
Let d be 6/15*4/(-4)*-5. Suppose -1988 = -2*o - 0*m - d*m, -2*o - 3*m + 1986 = 0. Suppose -5*f = -o + 66. What are the prime factors of f?
2, 3, 31
Suppose -96*a + 98*a - 53188 = 0. List the prime factors of a.
2, 13297
Suppose 5*t = -4*x - 0*x - 360, 5*t = 5*x + 495. Let o = 179 + x. Suppose -5*u + 175 = 5*d, 3*d - u - 3*u = o. List the prime factors of d.
2
Let d = 69903 - 34826. List the prime factors of d.
7, 5011
Let z(i) = -458*i - 981. List the prime factors of z(-64).
41, 691
Let m(a) = 3*a**2 + 18*a + 164. Let w be m(-12). Suppose w = -6*s + 1346. List the prime factors of s.
7, 23
Suppose -3*z = -4*p - 15076, -5*z - 3*p + 21459 = -3658. List the prime factors of z.
2, 157
Let l = -37 - -62. What are the prime factors of (-251)/(-6 - 25/(l/(-5)))?
251
Suppose -12*t + 17*t = 85. Let z(i) = i**3 - 18*i**2 + 16*i + 16. Let u be z(t). What are the prime factors of (-178)/4*u/(-1)*-2?
89
Let r(o) = 140*o**2 - 40*o + 75. Let y be r(2). Let d = y + -458. List the prime factors of d.
97
Let z = -36394 - -53599. What are the prime factors of z?
3, 5, 31, 37
Suppose -c + 39361 = -4*p, 4*c + p + 157534 = 8*c. List the prime factors of c.
5, 7877
Suppose 0 = -266*t - 2960905 + 17627613. List the prime factors of t.
2, 19, 1451
Suppose -589 = -16*u + 15*u - 2*y, 0 = 2*u - 5*y - 1169. Let i = -12 + u. List the prime factors of i.
5, 23
Suppose -40*h + 361114 = -23*h. List the prime factors of h.
2, 13, 19, 43
Let a be ((-4)/(-9))/(-2) - 41041/(-369). Suppose -2*j + 616 = l, a - 1335 = -2*l - 2*j. What are the prime factors of l?
2, 19
Suppose 18*v - 20*v - 2*t = -60246, -4*t - 90327 = -3*v. List the prime factors of v.
3, 10039
Suppose 59*n = 37*n + 35*n - 22737. List the prime factors of n.
3, 11, 53
Let n(u) = -u**3 - u**2 - u + 9. Let i be n(0). Suppose -i*a - 1145 = -119. Let h = 223 + a. What are the prime factors of h?
109
Suppose -9385 = -r - 2*y, -32*r - 9385 = -33*r - 4*y. List the prime factors of r.
5, 1877
Suppose -2*k + 2*d - 126 = 0, -168 = 3*k + d + 3*d. Let r = -13 - k. Let u = 53 - r. What are the prime factors of u?
2, 3
Let x(m) = -5334*m - 4173. List the prime factors of x(-15).
3, 17, 1487
List the prime factors of (-6)/(-18) - (-2078236)/159.
3, 4357
Let g(l) = -l**2 - 24 + 42 + 19*l + 2*l**2. What are the prime factors of g(-29)?
2, 7, 11
Let o(t) = 9*t + 7. Let z be o(-4). Let n = z - -30. What are the prime factors of 205*((-2)/(-20))/(n/4)?
2, 41
Suppose 0*z = -2*j - z, 3*z = 2*j - 16. Suppose o - 232 = 5*d, 5*o - 1206 = -0*d + j*d. What are the prime factors of o?
2, 11
Suppose 0 = -d - 2*q + 9, q - 3 = -4*d + 4*q. Suppose f = -d*f + 16. Suppose -o - 517 = -5*s - 2*o, -o - 419 = -f*s. What are the prime factors of s?
2, 13
Suppose -4*b = k - 12957, -17316 - 8589 = -2*k - 5*b. List the prime factors of k.
3, 5, 863
Let y = 2149 - 928. Suppose -10*m + y + 1709 = 0. List the prime factors of m.
293
Suppose -2*m + 4*v = -472, 0 = -0*m + 5*m + 2*v - 1120. What are the prime factors of m + (-6)/(-27) + 10/(-45)?
2, 113
Suppose 81*y = 85*y. Let l be (10/25)/((-1)/(-5)). Suppose 0 = -y*r + l*r - 174. List the prime factors of r.
3, 29
Let c = 49638 - 27327. What are the prime factors of c?
3, 37, 67
Suppose -6*w - 56 = -14*w. Suppose 3*k + w - 16 = 0. Suppose -s + k*s - 274 = -4*q, -3*s + 401 = -4*q. List the prime factors of s.
3, 5
Let j be (8 - 1)/(8 - 156/20). Suppose 21*v = -j*v + 9968. What are the prime factors of v?
2, 89
Suppose 125*f = 138*f - 28522. List the prime factors of f.
2, 1097
Let m = 25 + -23. Suppose -3*a - m = 4*j + 4, -20 = 4*j - 4*a. What are the prime factors of -27*(-32)/(-36)*j?
2, 3
Let g(v) be the second derivative of 5*v**4/2 - 7*v**3/6 - 2*v**2 + v + 32. What are the prime factors of g(5)?
3, 79
Let y(t) = -2*t**3 - 6*t**2 + 2*t - 5. Let u(g) = 3 + 0 + 8*g - 7*g. Let o be u(-8). List the prime factors of y(o).
5, 17
Let d(y) = 6*y + 1. Let a(h) = -1. Let b(v) = 6*a(v) + d(v). Suppose 5*t + 0*t = -5*c + 20, 0 = -t - 3*c + 6. List the prime factors of b(t).
13
Let p be 4*3/(-12)*-10. Suppose -p*a + 9857 = -1533. What are the prime factors of a?
17, 67
Let x = -70 - -90. Suppose -x*i - 4*i = -5520. What are the prime factors of i?
2, 5, 23
Let w(u) be the third derivative of -u**6/120 + u**5/20 - 3*u**4/4 + 19*u**3/6 - 62*u**2. What are the prime factors of w(-8)?
3, 17
List the prime factors of 1161/5 - (-204)/255.
233
Suppose 162 = -6*z - 90. Let q(y) = -y**3 - 8*y**2 - 10*y + 9. Let d be q(-9). Let f = z + d. List the prime factors of f.
2, 3, 23
Let a(n) = -1968*n + 286. List the prime factors of a(-29).
2, 7, 17, 241
Suppose 8*x + x + 1980 = 0. Let g = x - -1235. What are the prime factors of (-2)/(2/10 - 273/g)?
29
Let o(d) = d**3 + 25*d**2 + 21*d - 17. Let p = -33 + 62. Let n = -53 + p. List the prime factors of o(n).
5, 11
Suppose 0 = 9*h - 14*h - 200. Let f be ((-78)/(-30) - -3)/((-2)/h). Suppose -680 = -4*k - 5*b - f, 0 = k - 4*b - 121. List the prime factors of k.
137
What are the prime factors of ((-1050)/45 - -21)*((-3)/1 + -3366)?
7, 1123
Let p(a) = -a - 15. Let k be p(-12). Let j be 2/k - ((-208)/(-12) + 